    {"id":2101,"date":"2026-01-30T14:58:35","date_gmt":"2026-01-30T22:58:35","guid":{"rendered":"https:\/\/xn--12cat7b6ah3cmc7g0bdgb.cc\/?post_type=product&#038;p=2101"},"modified":"2026-02-24T02:30:32","modified_gmt":"2026-02-24T01:30:32","slug":"tai-khoan-chatgpt-chinh-chu","status":"publish","type":"product","link":"https:\/\/www.thegioimmovn.com\/?product=tai-khoan-chatgpt-chinh-chu","title":{"rendered":"T\u00e0i kho\u1ea3n ChatGPT Ch\u00ednh ch\u1ee7 1 N\u0103m"},"content":{"rendered":"<h1 data-start=\"224\" data-end=\"302\"><span style=\"color: #000000;\">ChatGPT Go Plus Pro \u2013 Tr\u1ee3 l\u00fd AI to\u00e0n n\u0103ng, n\u00e2ng t\u1ea7m tr\u1ea3i nghi\u1ec7m s\u1ed1 c\u1ee7a b\u1ea1n<\/span><\/h1>\n<p data-start=\"304\" data-end=\"647\"><span style=\"color: #000000;\">Trong th\u1eddi \u0111\u1ea1i c\u00f4ng ngh\u1ec7 ph\u00e1t tri\u1ec3n nh\u01b0 v\u0169 b\u00e3o, tr\u00ed tu\u1ec7 nh\u00e2n t\u1ea1o (AI) \u0111\u00e3 tr\u1edf th\u00e0nh c\u00f4ng c\u1ee5 kh\u00f4ng th\u1ec3 thi\u1ebfu, h\u1ed7 tr\u1ee3 con ng\u01b0\u1eddi trong h\u1ecdc t\u1eadp, c\u00f4ng vi\u1ec7c, s\u00e1ng t\u1ea1o n\u1ed9i dung v\u00e0 gi\u1ea3i tr\u00ed. <strong data-start=\"486\" data-end=\"509\">ChatGPT Go Plus Pro<\/strong> l\u00e0 phi\u00ean b\u1ea3n cao c\u1ea5p, t\u1ed1i \u01b0u nh\u1ea5t c\u1ee7a ChatGPT, mang \u0111\u1ebfn cho ng\u01b0\u1eddi d\u00f9ng tr\u1ea3i nghi\u1ec7m AI v\u01b0\u1ee3t tr\u1ed9i, m\u1ea1nh m\u1ebd v\u00e0 th\u00f4ng minh h\u01a1n bao gi\u1edd h\u1ebft.<\/span><\/p>\n<p data-start=\"649\" data-end=\"760\"><span style=\"color: #000000;\">N\u1ebfu b\u1ea1n \u0111ang t\u00ecm ki\u1ebfm m\u1ed9t tr\u1ee3 l\u00fd AI th\u00f4ng minh, \u0111a n\u0103ng v\u00e0 ti\u1ec7n l\u1ee3i, Go Plus Pro ch\u00ednh l\u00e0 gi\u1ea3i ph\u00e1p ho\u00e0n h\u1ea3o.<\/span><\/p>\n<hr data-start=\"762\" data-end=\"765\" \/>\n<h2 data-start=\"767\" data-end=\"799\"><span style=\"color: #000000;\">1. ChatGPT Go Plus Pro l\u00e0 g\u00ec?<\/span><\/h2>\n<p data-start=\"801\" data-end=\"877\"><span style=\"color: #000000;\"><strong data-start=\"801\" data-end=\"824\">ChatGPT Go Plus Pro<\/strong> l\u00e0 phi\u00ean b\u1ea3n n\u00e2ng c\u1ea5p c\u1ee7a ChatGPT, \u0111\u01b0\u1ee3c thi\u1ebft k\u1ebf \u0111\u1ec3:<\/span><\/p>\n<ul data-start=\"879\" data-end=\"1159\">\n<li data-start=\"879\" data-end=\"927\">\n<p data-start=\"881\" data-end=\"927\"><span style=\"color: #000000;\">Tr\u1ea3 l\u1eddi nhanh ch\u00f3ng, ch\u00ednh x\u00e1c v\u00e0 logic h\u01a1n.<\/span><\/p>\n<\/li>\n<li data-start=\"928\" data-end=\"1018\">\n<p data-start=\"930\" data-end=\"1018\"><span style=\"color: #000000;\">Hi\u1ec3u ng\u1eef c\u1ea3nh d\u00e0i v\u00e0 ph\u1ee9c t\u1ea1p, ph\u00f9 h\u1ee3p cho c\u00e1c t\u00e1c v\u1ee5 c\u00f4ng vi\u1ec7c v\u00e0 h\u1ecdc t\u1eadp chuy\u00ean s\u00e2u.<\/span><\/p>\n<\/li>\n<li data-start=\"1019\" data-end=\"1073\">\n<p data-start=\"1021\" data-end=\"1073\"><span style=\"color: #000000;\">H\u1ed7 tr\u1ee3 \u0111a ng\u00f4n ng\u1eef v\u00e0 s\u00e1ng t\u1ea1o n\u1ed9i dung v\u01b0\u1ee3t tr\u1ed9i.<\/span><\/p>\n<\/li>\n<li data-start=\"1074\" data-end=\"1159\">\n<p data-start=\"1076\" data-end=\"1159\"><span style=\"color: #000000;\">Cung c\u1ea5p tr\u1ea3i nghi\u1ec7m \u01b0u ti\u00ean, kh\u00f4ng gi\u1edbi h\u1ea1n l\u01b0\u1ee3t s\u1eed d\u1ee5ng nh\u01b0 phi\u00ean b\u1ea3n mi\u1ec5n ph\u00ed.<\/span><\/p>\n<\/li>\n<\/ul>\n<p data-start=\"1161\" data-end=\"1358\"><span style=\"color: #000000;\">Phi\u00ean b\u1ea3n Go Plus Pro l\u00e0 c\u00f4ng c\u1ee5 l\u00fd t\u01b0\u1edfng cho h\u1ecdc sinh, sinh vi\u00ean, nh\u00e2n vi\u00ean v\u0103n ph\u00f2ng, doanh nh\u00e2n, nh\u00e0 s\u00e1ng t\u1ea1o n\u1ed9i dung, v\u00e0 b\u1ea5t k\u1ef3 ai mu\u1ed1n n\u00e2ng cao hi\u1ec7u su\u1ea5t c\u00f4ng vi\u1ec7c ho\u1eb7c gi\u1ea3i tr\u00ed th\u00f4ng minh.<\/span><\/p>\n<hr data-start=\"1360\" data-end=\"1363\" \/>\n<h2 data-start=\"1365\" data-end=\"1388\"><span style=\"color: #000000;\">2. T\u00ednh n\u0103ng n\u1ed5i b\u1eadt<\/span><\/h2>\n<h3 data-start=\"1390\" data-end=\"1420\"><span style=\"color: #000000;\"><strong data-start=\"1394\" data-end=\"1420\">a. Tr\u00ed tu\u1ec7 AI n\u00e2ng cao<\/strong><\/span><\/h3>\n<ul data-start=\"1421\" data-end=\"1657\">\n<li data-start=\"1421\" data-end=\"1486\">\n<p data-start=\"1423\" data-end=\"1486\"><span style=\"color: #000000;\">Ph\u00e2n t\u00edch, tr\u1ea3 l\u1eddi c\u00e1c c\u00e2u h\u1ecfi ph\u1ee9c t\u1ea1p v\u1edbi \u0111\u1ed9 ch\u00ednh x\u00e1c cao.<\/span><\/p>\n<\/li>\n<li data-start=\"1487\" data-end=\"1547\">\n<p data-start=\"1489\" data-end=\"1547\"><span style=\"color: #000000;\">Hi\u1ec3u v\u00e0 x\u1eed l\u00fd ng\u1eef c\u1ea3nh d\u00e0i, h\u1ed7 tr\u1ee3 h\u1ed9i tho\u1ea1i nhi\u1ec1u l\u01b0\u1ee3t.<\/span><\/p>\n<\/li>\n<li data-start=\"1548\" data-end=\"1657\">\n<p data-start=\"1550\" data-end=\"1657\"><span style=\"color: #000000;\">Kh\u1ea3 n\u0103ng s\u00e1ng t\u1ea1o n\u1ed9i dung phong ph\u00fa: vi\u1ebft b\u00e0i PR, k\u1ecbch b\u1ea3n, truy\u1ec7n, b\u00e1o c\u00e1o, email, caption m\u1ea1ng x\u00e3 h\u1ed9i.<\/span><\/p>\n<\/li>\n<\/ul>\n<h3 data-start=\"1659\" data-end=\"1696\"><span style=\"color: #000000;\"><strong data-start=\"1663\" data-end=\"1696\">b. T\u1ed1c \u0111\u1ed9 ph\u1ea3n h\u1ed3i si\u00eau nhanh<\/strong><\/span><\/h3>\n<ul data-start=\"1697\" data-end=\"1832\">\n<li data-start=\"1697\" data-end=\"1753\">\n<p data-start=\"1699\" data-end=\"1753\"><span style=\"color: #000000;\">Truy c\u1eadp AI kh\u00f4ng gi\u1edbi h\u1ea1n, ph\u1ea3n h\u1ed3i trong v\u00e0i gi\u00e2y.<\/span><\/p>\n<\/li>\n<li data-start=\"1754\" data-end=\"1832\">\n<p data-start=\"1756\" data-end=\"1832\"><span style=\"color: #000000;\">H\u1ed7 tr\u1ee3 x\u1eed l\u00fd \u0111\u1ed3ng th\u1eddi nhi\u1ec1u t\u00e1c v\u1ee5, gi\u00fap b\u1ea1n ti\u1ebft ki\u1ec7m th\u1eddi gian \u0111\u00e1ng k\u1ec3.<\/span><\/p>\n<\/li>\n<\/ul>\n<h3 data-start=\"1834\" data-end=\"1867\"><span style=\"color: #000000;\"><strong data-start=\"1838\" data-end=\"1867\">c. H\u1ed7 tr\u1ee3 \u0111a d\u1ea1ng nhu c\u1ea7u<\/strong><\/span><\/h3>\n<ul data-start=\"1868\" data-end=\"2193\">\n<li data-start=\"1868\" data-end=\"1941\">\n<p data-start=\"1870\" data-end=\"1941\"><span style=\"color: #000000;\"><strong data-start=\"1870\" data-end=\"1884\">C\u00f4ng vi\u1ec7c:<\/strong> Vi\u1ebft email, b\u00e1o c\u00e1o, l\u1eadp k\u1ebf ho\u1ea1ch, nghi\u00ean c\u1ee9u d\u1eef li\u1ec7u.<\/span><\/p>\n<\/li>\n<li data-start=\"1942\" data-end=\"2020\">\n<p data-start=\"1944\" data-end=\"2020\"><span style=\"color: #000000;\"><strong data-start=\"1944\" data-end=\"1956\">H\u1ecdc t\u1eadp:<\/strong> Gi\u1ea3i to\u00e1n, vi\u1ebft lu\u1eadn, ph\u00e2n t\u00edch b\u00e0i h\u1ecdc, nghi\u00ean c\u1ee9u t\u00e0i li\u1ec7u.<\/span><\/p>\n<\/li>\n<li data-start=\"2021\" data-end=\"2112\">\n<p data-start=\"2023\" data-end=\"2112\"><span style=\"color: #000000;\"><strong data-start=\"2023\" data-end=\"2045\">S\u00e1ng t\u1ea1o n\u1ed9i dung:<\/strong> Vi\u1ebft truy\u1ec7n, t\u1ea1o n\u1ed9i dung m\u1ea1ng x\u00e3 h\u1ed9i, vi\u1ebft k\u1ecbch b\u1ea3n, qu\u1ea3ng c\u00e1o.<\/span><\/p>\n<\/li>\n<li data-start=\"2113\" data-end=\"2193\">\n<p data-start=\"2115\" data-end=\"2193\"><span style=\"color: #000000;\"><strong data-start=\"2115\" data-end=\"2128\">Gi\u1ea3i tr\u00ed:<\/strong> Ch\u01a1i game ch\u1eef, \u0111\u1eb7t c\u00e2u h\u1ecfi th\u00fa v\u1ecb, t\u1ea1o c\u00e1c tr\u00f2 ch\u01a1i t\u01b0\u01a1ng t\u00e1c.<\/span><\/p>\n<\/li>\n<\/ul>\n<h3 data-start=\"2195\" data-end=\"2228\"><span style=\"color: #000000;\"><strong data-start=\"2199\" data-end=\"2228\">d. Quy\u1ec1n truy c\u1eadp \u01b0u ti\u00ean<\/strong><\/span><\/h3>\n<ul data-start=\"2229\" data-end=\"2335\">\n<li data-start=\"2229\" data-end=\"2287\">\n<p data-start=\"2231\" data-end=\"2287\"><span style=\"color: #000000;\">Kh\u00f4ng b\u1ecb gi\u1edbi h\u1ea1n l\u01b0\u1ee3t s\u1eed d\u1ee5ng hay th\u1eddi gian truy c\u1eadp.<\/span><\/p>\n<\/li>\n<li data-start=\"2288\" data-end=\"2335\">\n<p data-start=\"2290\" data-end=\"2335\"><span style=\"color: #000000;\">Tr\u00e1nh t\u00ecnh tr\u1ea1ng \u201cwaitlist\u201d khi AI qu\u00e1 t\u1ea3i.<\/span><\/p>\n<\/li>\n<\/ul>\n<h3 data-start=\"2337\" data-end=\"2372\"><span style=\"color: #000000;\"><strong data-start=\"2341\" data-end=\"2372\">e. C\u00f4ng c\u1ee5 qu\u1ea3n l\u00fd n\u00e2ng cao<\/strong><\/span><\/h3>\n<ul data-start=\"2373\" data-end=\"2550\">\n<li data-start=\"2373\" data-end=\"2427\">\n<p data-start=\"2375\" data-end=\"2427\"><span style=\"color: #000000;\">L\u01b0u tr\u1eef v\u00e0 qu\u1ea3n l\u00fd c\u00e1c cu\u1ed9c tr\u00f2 chuy\u1ec7n quan tr\u1ecdng.<\/span><\/p>\n<\/li>\n<li data-start=\"2428\" data-end=\"2475\">\n<p data-start=\"2430\" data-end=\"2475\"><span style=\"color: #000000;\">T\u1ea1o, sao l\u01b0u, v\u00e0 kh\u00f4i ph\u1ee5c d\u1eef li\u1ec7u d\u1ec5 d\u00e0ng.<\/span><\/p>\n<\/li>\n<li data-start=\"2476\" data-end=\"2550\">\n<p data-start=\"2478\" data-end=\"2550\"><span style=\"color: #000000;\">H\u1ed7 tr\u1ee3 k\u1ebft h\u1ee3p v\u1edbi c\u00e1c ph\u1ea7n m\u1ec1m kh\u00e1c \u0111\u1ec3 t\u1ed1i \u01b0u h\u00f3a quy tr\u00ecnh l\u00e0m vi\u1ec7c.<\/span><\/p>\n<\/li>\n<\/ul>\n<h3 data-start=\"2552\" data-end=\"2584\"><span style=\"color: #000000;\"><strong data-start=\"2556\" data-end=\"2584\">f. T\u00f9y ch\u1ec9nh c\u00e1 nh\u00e2n h\u00f3a<\/strong><\/span><\/h3>\n<ul data-start=\"2585\" data-end=\"2771\">\n<li data-start=\"2585\" data-end=\"2674\">\n<p data-start=\"2587\" data-end=\"2674\"><span style=\"color: #000000;\">\u0110i\u1ec1u ch\u1ec9nh phong c\u00e1ch tr\u1ea3 l\u1eddi theo nhu c\u1ea7u: nghi\u00eam t\u00fac, h\u00e0i h\u01b0\u1edbc, s\u00e1ng t\u1ea1o, ng\u1eafn g\u1ecdn.<\/span><\/p>\n<\/li>\n<li data-start=\"2675\" data-end=\"2771\">\n<p data-start=\"2677\" data-end=\"2771\"><span style=\"color: #000000;\">T\u00edch h\u1ee3p c\u00e1c plugin b\u1ed5 sung \u0111\u1ec3 n\u00e2ng cao kh\u1ea3 n\u0103ng AI (v\u00ed d\u1ee5: tra c\u1ee9u, t\u00ednh to\u00e1n, d\u1ecbch thu\u1eadt).<\/span><\/p>\n<\/li>\n<\/ul>\n<h3 data-start=\"2773\" data-end=\"2802\"><span style=\"color: #000000;\"><strong data-start=\"2777\" data-end=\"2802\">g. B\u1ea3o m\u1eadt v\u00e0 an to\u00e0n<\/strong><\/span><\/h3>\n<ul data-start=\"2803\" data-end=\"2941\">\n<li data-start=\"2803\" data-end=\"2866\">\n<p data-start=\"2805\" data-end=\"2866\"><span style=\"color: #000000;\">D\u1eef li\u1ec7u v\u00e0 n\u1ed9i dung cu\u1ed9c tr\u00f2 chuy\u1ec7n \u0111\u01b0\u1ee3c b\u1ea3o m\u1eadt tuy\u1ec7t \u0111\u1ed1i.<\/span><\/p>\n<\/li>\n<li data-start=\"2867\" data-end=\"2941\">\n<p data-start=\"2869\" data-end=\"2941\"><span style=\"color: #000000;\">Kh\u00f4ng l\u01b0u tr\u1eef th\u00f4ng tin nh\u1ea1y c\u1ea3m m\u00e0 kh\u00f4ng c\u00f3 s\u1ef1 \u0111\u1ed3ng \u00fd c\u1ee7a ng\u01b0\u1eddi d\u00f9ng.<\/span><\/p>\n<\/li>\n<\/ul>\n<hr data-start=\"2943\" data-end=\"2946\" \/>\n<h2 data-start=\"2948\" data-end=\"2998\"><span style=\"color: #000000;\">3. L\u1ee3i \u00edch khi n\u00e2ng c\u1ea5p l\u00ean ChatGPT Go Plus Pro<\/span><\/h2>\n<ul data-start=\"3000\" data-end=\"3409\">\n<li data-start=\"3000\" data-end=\"3093\">\n<p data-start=\"3002\" data-end=\"3093\"><span style=\"color: #000000;\"><strong data-start=\"3002\" data-end=\"3026\">Ti\u1ebft ki\u1ec7m th\u1eddi gian:<\/strong> Gi\u1ea3i quy\u1ebft c\u00f4ng vi\u1ec7c, h\u1ecdc t\u1eadp, v\u00e0 s\u00e1ng t\u1ea1o n\u1ed9i dung nhanh ch\u00f3ng.<\/span><\/p>\n<\/li>\n<li data-start=\"3094\" data-end=\"3189\">\n<p data-start=\"3096\" data-end=\"3189\"><span style=\"color: #000000;\"><strong data-start=\"3096\" data-end=\"3124\">S\u00e1ng t\u1ea1o kh\u00f4ng gi\u1edbi h\u1ea1n:<\/strong> AI h\u1ed7 tr\u1ee3 b\u1ea1n m\u1edf r\u1ed9ng \u00fd t\u01b0\u1edfng v\u00e0 n\u00e2ng cao ch\u1ea5t l\u01b0\u1ee3ng n\u1ed9i dung.<\/span><\/p>\n<\/li>\n<li data-start=\"3190\" data-end=\"3263\">\n<p data-start=\"3192\" data-end=\"3263\"><span style=\"color: #000000;\"><strong data-start=\"3192\" data-end=\"3216\">Tr\u1ea3i nghi\u1ec7m m\u01b0\u1ee3t m\u00e0:<\/strong> Kh\u00f4ng ph\u1ea3i ch\u1edd \u0111\u1ee3i, s\u1eed d\u1ee5ng m\u1ecdi l\u00fac m\u1ecdi n\u01a1i.<\/span><\/p>\n<\/li>\n<li data-start=\"3264\" data-end=\"3344\">\n<p data-start=\"3266\" data-end=\"3344\"><span style=\"color: #000000;\"><strong data-start=\"3266\" data-end=\"3287\">H\u1ed7 tr\u1ee3 to\u00e0n di\u1ec7n:<\/strong> T\u1eeb c\u00f4ng vi\u1ec7c, h\u1ecdc t\u1eadp, gi\u1ea3i tr\u00ed \u0111\u1ebfn s\u00e1ng t\u1ea1o n\u1ed9i dung.<\/span><\/p>\n<\/li>\n<li data-start=\"3345\" data-end=\"3409\">\n<p data-start=\"3347\" data-end=\"3409\"><span style=\"color: #000000;\"><strong data-start=\"3347\" data-end=\"3367\">An to\u00e0n d\u1eef li\u1ec7u:<\/strong> M\u1ecdi th\u00f4ng tin c\u00e1 nh\u00e2n \u0111\u1ec1u \u0111\u01b0\u1ee3c b\u1ea3o m\u1eadt.<\/span><\/p>\n<\/li>\n<\/ul>\n<hr data-start=\"3411\" data-end=\"3414\" \/>\n<h2 data-start=\"3416\" data-end=\"3457\"><span style=\"color: #000000;\">4. Ai n\u00ean s\u1eed d\u1ee5ng ChatGPT Go Plus Pro?<\/span><\/h2>\n<ul data-start=\"3459\" data-end=\"3896\">\n<li data-start=\"3459\" data-end=\"3590\">\n<p data-start=\"3461\" data-end=\"3590\"><span style=\"color: #000000;\"><strong data-start=\"3461\" data-end=\"3497\">Doanh nh\u00e2n, nh\u00e2n vi\u00ean v\u0103n ph\u00f2ng:<\/strong> T\u1ed1i \u01b0u h\u00f3a quy tr\u00ecnh l\u00e0m vi\u1ec7c, vi\u1ebft b\u00e1o c\u00e1o, l\u1eadp k\u1ebf ho\u1ea1ch d\u1ef1 \u00e1n, so\u1ea1n email chuy\u00ean nghi\u1ec7p.<\/span><\/p>\n<\/li>\n<li data-start=\"3591\" data-end=\"3691\">\n<p data-start=\"3593\" data-end=\"3691\"><span style=\"color: #000000;\"><strong data-start=\"3593\" data-end=\"3617\">H\u1ecdc sinh, sinh vi\u00ean:<\/strong> H\u1ed7 tr\u1ee3 h\u1ecdc t\u1eadp, l\u00e0m b\u00e0i t\u1eadp, vi\u1ebft lu\u1eadn, gi\u1ea3i quy\u1ebft c\u00e1c v\u1ea5n \u0111\u1ec1 ph\u1ee9c t\u1ea1p.<\/span><\/p>\n<\/li>\n<li data-start=\"3692\" data-end=\"3795\">\n<p data-start=\"3694\" data-end=\"3795\"><span style=\"color: #000000;\"><strong data-start=\"3694\" data-end=\"3720\">Nh\u00e0 s\u00e1ng t\u1ea1o n\u1ed9i dung:<\/strong> Vi\u1ebft b\u00e0i PR, qu\u1ea3ng c\u00e1o, k\u1ecbch b\u1ea3n, caption m\u1ea1ng x\u00e3 h\u1ed9i, n\u1ed9i dung website.<\/span><\/p>\n<\/li>\n<li data-start=\"3796\" data-end=\"3896\">\n<p data-start=\"3798\" data-end=\"3896\"><span style=\"color: #000000;\"><strong data-start=\"3798\" data-end=\"3821\">Ng\u01b0\u1eddi d\u00f9ng c\u00e1 nh\u00e2n:<\/strong> Tr\u1ea3i nghi\u1ec7m AI nhanh ch\u00f3ng, th\u00f4ng minh, ti\u1ec7n l\u1ee3i, gi\u1ea3i tr\u00ed ho\u1eb7c h\u1ecdc h\u1ecfi.<\/span><\/p>\n<\/li>\n<\/ul>\n<hr data-start=\"3898\" data-end=\"3901\" \/>\n<h2 data-start=\"3903\" data-end=\"3946\"><span style=\"color: #000000;\">5. T\u1ea1i sao n\u00ean ch\u1ecdn ChatGPT Go Plus Pro?<\/span><\/h2>\n<ul data-start=\"3948\" data-end=\"4290\">\n<li data-start=\"3948\" data-end=\"4026\">\n<p data-start=\"3950\" data-end=\"4026\"><span style=\"color: #000000;\"><strong data-start=\"3950\" data-end=\"3973\">Tr\u00ed tu\u1ec7 AI m\u1ea1nh m\u1ebd:<\/strong> N\u00e2ng cao kh\u1ea3 n\u0103ng hi\u1ec3u v\u00e0 x\u1eed l\u00fd ng\u00f4n ng\u1eef t\u1ef1 nhi\u00ean.<\/span><\/p>\n<\/li>\n<li data-start=\"4027\" data-end=\"4086\">\n<p data-start=\"4029\" data-end=\"4086\"><span style=\"color: #000000;\"><strong data-start=\"4029\" data-end=\"4055\">T\u1ed1c \u0111\u1ed9 ph\u1ea3n h\u1ed3i nhanh:<\/strong> Kh\u00f4ng m\u1ea5t th\u1eddi gian ch\u1edd \u0111\u1ee3i.<\/span><\/p>\n<\/li>\n<li data-start=\"4087\" data-end=\"4166\">\n<p data-start=\"4089\" data-end=\"4166\"><span style=\"color: #000000;\"><strong data-start=\"4089\" data-end=\"4114\">\u0110a n\u0103ng v\u00e0 linh ho\u1ea1t:<\/strong> Ph\u00f9 h\u1ee3p v\u1edbi m\u1ecdi nhu c\u1ea7u t\u1eeb h\u1ecdc t\u1eadp \u0111\u1ebfn c\u00f4ng vi\u1ec7c.<\/span><\/p>\n<\/li>\n<li data-start=\"4167\" data-end=\"4242\">\n<p data-start=\"4169\" data-end=\"4242\"><span style=\"color: #000000;\"><strong data-start=\"4169\" data-end=\"4193\">Tr\u1ea3i nghi\u1ec7m \u01b0u ti\u00ean:<\/strong> Kh\u00f4ng gi\u1edbi h\u1ea1n l\u01b0\u1ee3t s\u1eed d\u1ee5ng, truy c\u1eadp m\u1ecdi l\u00fac.<\/span><\/p>\n<\/li>\n<li data-start=\"4243\" data-end=\"4290\">\n<p data-start=\"4245\" data-end=\"4290\"><span style=\"color: #000000;\"><strong data-start=\"4245\" data-end=\"4265\">B\u1ea3o m\u1eadt d\u1eef li\u1ec7u:<\/strong> An to\u00e0n, \u0111\u00e1ng tin c\u1eady.<\/span><\/p>\n<\/li>\n<\/ul>\n<hr data-start=\"4292\" data-end=\"4295\" \/>\n<h2 data-start=\"4297\" data-end=\"4311\"><span style=\"color: #000000;\">6. K\u1ebft lu\u1eadn<\/span><\/h2>\n<p data-start=\"4313\" data-end=\"4533\"><span style=\"color: #000000;\"><strong data-start=\"4313\" data-end=\"4336\">ChatGPT Go Plus Pro<\/strong> l\u00e0 c\u00f4ng c\u1ee5 AI kh\u00f4ng th\u1ec3 thi\u1ebfu cho ng\u01b0\u1eddi hi\u1ec7n \u0111\u1ea1i. N\u00f3 kh\u00f4ng ch\u1ec9 gi\u00fap b\u1ea1n n\u00e2ng cao hi\u1ec7u su\u1ea5t l\u00e0m vi\u1ec7c, h\u1ecdc t\u1eadp v\u00e0 s\u00e1ng t\u1ea1o m\u00e0 c\u00f2n mang \u0111\u1ebfn tr\u1ea3i nghi\u1ec7m s\u1ed1 th\u00f4ng minh, ti\u1ec7n l\u1ee3i v\u00e0 ho\u00e0n to\u00e0n \u01b0u ti\u00ean.<\/span><\/p>\n<p data-start=\"4535\" data-end=\"4698\"><span style=\"color: #000000;\">\u0110\u1eebng \u0111\u1ec3 m\u00ecnh b\u1ecb gi\u1edbi h\u1ea1n b\u1edfi phi\u00ean b\u1ea3n mi\u1ec5n ph\u00ed. <strong data-start=\"4584\" data-end=\"4633\">N\u00e2ng c\u1ea5p l\u00ean ChatGPT Go Plus Pro ngay h\u00f4m nay<\/strong> \u0111\u1ec3 tr\u1ea3i nghi\u1ec7m AI th\u00f4ng minh, nhanh ch\u00f3ng, \u0111a n\u0103ng v\u00e0 an to\u00e0n.<\/span><\/p>\n","protected":false},"excerpt":{"rendered":"<p><span style=\"color: #000000;\">\u2714 N\u00e2ng c\u1ea5p t\u00e0i kho\u1ea3n ChatGPT b\u1ea3n cao c\u1ea5p<\/span><br data-start=\"193\" data-end=\"196\" \/><span style=\"color: #000000;\">\u2714 Truy c\u1eadp <strong data-start=\"207\" data-end=\"225\">model m\u1ea1nh h\u01a1n<\/strong>, tr\u1ea3 l\u1eddi th\u00f4ng minh &amp; ch\u00ednh x\u00e1c h\u01a1n<\/span><br data-start=\"261\" data-end=\"264\" \/><span style=\"color: #000000;\">\u2714 Ph\u1ea3n h\u1ed3i nhanh, \u01b0u ti\u00ean ngay c\u1ea3 gi\u1edd cao \u0111i\u1ec3m<\/span><br data-start=\"310\" data-end=\"313\" \/><span style=\"color: #000000;\">\u2714 H\u1ed7 tr\u1ee3 <strong data-start=\"322\" data-end=\"370\" data-is-only-node=\"\">vi\u1ebft content, code, d\u1ecbch thu\u1eadt, h\u1ecdc t\u1eadp, MMO<\/strong><\/span><br data-start=\"370\" data-end=\"373\" \/><span style=\"color: #000000;\">\u2714 Ph\u00e2n t\u00edch d\u1eef li\u1ec7u, gi\u1ea3i b\u00e0i to\u00e1n ph\u1ee9c t\u1ea1p t\u1ed1t h\u01a1n<\/span><br data-start=\"424\" data-end=\"427\" \/><span style=\"color: #000000;\">\u2714 Ghi nh\u1edb ng\u1eef c\u1ea3nh d\u00e0i, l\u00e0m vi\u1ec7c li\u00ean t\u1ee5c kh\u00f4ng b\u1ecb ng\u1eaft<\/span><br data-start=\"482\" data-end=\"485\" \/><span style=\"color: #000000;\">\u2714 Tr\u1ea3i nghi\u1ec7m m\u01b0\u1ee3t m\u00e0, \u00edt gi\u1edbi h\u1ea1n h\u01a1n b\u1ea3n th\u01b0\u1eddng<\/span><br data-start=\"534\" data-end=\"537\" \/><span style=\"color: #000000;\">\u2714 Ph\u00f9 h\u1ee3p c\u00e1 nh\u00e2n, freelancer, kinh doanh online<\/span><br data-start=\"585\" data-end=\"588\" \/><span style=\"color: #000000;\">\u2714 K\u00edch ho\u1ea1t nhanh \u2013 d\u00f9ng \u1ed5n \u0111\u1ecbnh<\/span><br data-start=\"620\" data-end=\"623\" \/><span style=\"color: #000000;\">\u2714 An to\u00e0n, ri\u00eang t\u01b0, kh\u00f4ng \u1ea3nh h\u01b0\u1edfng t\u00e0i kho\u1ea3n<\/span><\/p>\n","protected":false},"featured_media":2437,"comment_status":"open","ping_status":"closed","template":"","meta":{"_acf_changed":false,"inline_featured_image":false},"product_brand":[],"product_cat":[15,17],"product_tag":[],"class_list":{"0":"post-2101","1":"product","2":"type-product","3":"status-publish","4":"has-post-thumbnail","6":"product_cat-chua-phan-loai","7":"product_cat-lam-viec","9":"first","10":"instock","11":"sale","12":"taxable","13":"shipping-taxable","14":"purchasable","15":"product-type-variable"},"acf":[],"_links":{"self":[{"href":"https:\/\/www.thegioimmovn.com\/index.php?rest_route=\/wp\/v2\/product\/2101","targetHints":{"allow":["GET"]}}],"collection":[{"href":"https:\/\/www.thegioimmovn.com\/index.php?rest_route=\/wp\/v2\/product"}],"about":[{"href":"https:\/\/www.thegioimmovn.com\/index.php?rest_route=\/wp\/v2\/types\/product"}],"replies":[{"embeddable":true,"href":"https:\/\/www.thegioimmovn.com\/index.php?rest_route=%2Fwp%2Fv2%2Fcomments&post=2101"}],"wp:featuredmedia":[{"embeddable":true,"href":"https:\/\/www.thegioimmovn.com\/index.php?rest_route=\/wp\/v2\/media\/2437"}],"wp:attachment":[{"href":"https:\/\/www.thegioimmovn.com\/index.php?rest_route=%2Fwp%2Fv2%2Fmedia&parent=2101"}],"wp:term":[{"taxonomy":"product_brand","embeddable":true,"href":"https:\/\/www.thegioimmovn.com\/index.php?rest_route=%2Fwp%2Fv2%2Fproduct_brand&post=2101"},{"taxonomy":"product_cat","embeddable":true,"href":"https:\/\/www.thegioimmovn.com\/index.php?rest_route=%2Fwp%2Fv2%2Fproduct_cat&post=2101"},{"taxonomy":"product_tag","embeddable":true,"href":"https:\/\/www.thegioimmovn.com\/index.php?rest_route=%2Fwp%2Fv2%2Fproduct_tag&post=2101"}],"curies":[{"name":"wp","href":"https:\/\/api.w.org\/{rel}","templated":true}]}}