    {"id":1508,"date":"2025-11-04T18:11:21","date_gmt":"2025-11-05T02:11:21","guid":{"rendered":"https:\/\/xn--12cat7b6ah3cmc7g0bdgb.cc\/?post_type=product&#038;p=1508"},"modified":"2026-02-19T21:56:09","modified_gmt":"2026-02-19T20:56:09","slug":"nang-cap-gamma-chinh-chu","status":"publish","type":"product","link":"https:\/\/www.thegioimmovn.com\/?product=nang-cap-gamma-chinh-chu","title":{"rendered":"N\u00e2ng C\u1ea5p T\u00e0i Kho\u1ea3n Gamma Ch\u00ednh Ch\u1ee7"},"content":{"rendered":"<p><span style=\"color: #000000; font-size: 28px;\"><strong>N\u00e2ng C\u1ea5p T\u00e0i Kho\u1ea3n Gamma AI \u2013 Tr\u00ecnh Di\u1ec5n \u00dd T\u01b0\u1edfng Chuy\u00ean Nghi\u1ec7p B\u1eb1ng S\u1ee9c M\u1ea1nh Tr\u00ed Tu\u1ec7 Nh\u00e2n T\u1ea1o<\/strong>\u00a0<\/span><\/p>\n<p><span style=\"color: #000000; font-size: 17px;\">Trong th\u1eddi \u0111\u1ea1i m\u00e0 tr\u00ecnh b\u00e0y \u00fd t\u01b0\u1edfng ch\u00ednh l\u00e0 ch\u00eca kh\u00f3a th\u00e0nh c\u00f4ng, Gamma AI ra \u0111\u1eddi nh\u01b0 m\u1ed9t c\u00f4ng c\u1ee5 \u0111\u1ed9t ph\u00e1 gi\u00fap b\u1ea1n bi\u1ebfn m\u1ecdi \u00fd t\u01b0\u1edfng, b\u1ea3n k\u1ebf ho\u1ea1ch hay n\u1ed9i dung th\u00f4 th\u00e0nh b\u00e0i thuy\u1ebft tr\u00ecnh ho\u00e0n ch\u1ec9nh ch\u1ec9 trong v\u00e0i ph\u00fat.<\/span><br \/><span style=\"color: #000000; font-size: 17px;\">Khi n\u00e2ng c\u1ea5p l\u00ean Gamma AI Premium, b\u1ea1n s\u1ebd \u0111\u01b0\u1ee3c m\u1edf kh\u00f3a to\u00e0n b\u1ed9 kh\u1ea3 n\u0103ng m\u1ea1nh m\u1ebd c\u1ee7a tr\u00ed tu\u1ec7 nh\u00e2n t\u1ea1o trong vi\u1ec7c t\u1ea1o slide, thi\u1ebft k\u1ebf b\u1ed1 c\u1ee5c, ch\u1ec9nh s\u1eeda n\u1ed9i dung v\u00e0 bi\u1ec3u \u0111\u1ea1t chuy\u00ean nghi\u1ec7p, gi\u00fap b\u1ea1n n\u1ed5i b\u1eadt h\u01a1n trong m\u1ecdi bu\u1ed5i h\u1ecdp, l\u1edbp h\u1ecdc hay d\u1ef1 \u00e1n.<\/span><\/p>\n<hr \/>\n<h3><span style=\"color: #000000; font-size: 17px;\">\ud83c\udf1f Gi\u1edbi thi\u1ec7u v\u1ec1 Gamma AI<\/span><\/h3>\n<p><span style=\"color: #000000; font-size: 17px;\">Gamma.app l\u00e0 n\u1ec1n t\u1ea3ng thuy\u1ebft tr\u00ecnh v\u00e0 t\u1ea1o n\u1ed9i dung AI ti\u00ean ti\u1ebfn \u0111\u01b0\u1ee3c h\u00e0ng tri\u1ec7u ng\u01b0\u1eddi tin d\u00f9ng tr\u00ean to\u00e0n th\u1ebf gi\u1edbi.<\/span><br \/><span style=\"color: #000000; font-size: 17px;\">Kh\u00e1c v\u1edbi PowerPoint hay Canva, Gamma AI t\u1eadp trung v\u00e0o s\u1ef1 t\u1ef1 \u0111\u1ed9ng h\u00f3a th\u00f4ng minh \u2013 b\u1ea1n ch\u1ec9 c\u1ea7n nh\u1eadp n\u1ed9i dung, ph\u1ea7n c\u00f2n l\u1ea1i AI s\u1ebd t\u1ef1 thi\u1ebft k\u1ebf, tr\u00ecnh b\u00e0y, ch\u1ecdn h\u00ecnh \u1ea3nh v\u00e0 b\u1ed1 c\u1ee5c ph\u00f9 h\u1ee3p nh\u1ea5t.<\/span><\/p>\n<p><span style=\"color: #000000; font-size: 17px;\">V\u1edbi phi\u00ean b\u1ea3n Premium, Gamma AI mang \u0111\u1ebfn m\u1ed9t kh\u00f4ng gian l\u00e0m vi\u1ec7c s\u00e1ng t\u1ea1o, hi\u1ec7u qu\u1ea3 v\u00e0 chuy\u00ean nghi\u1ec7p, gi\u00fap b\u1ea1n ti\u1ebft ki\u1ec7m h\u00e0ng gi\u1edd \u0111\u1ed3ng h\u1ed3 m\u1ed7i ng\u00e0y m\u00e0 v\u1eabn c\u00f3 s\u1ea3n ph\u1ea9m \u0111\u1eb9p m\u1eaft, \u0111\u1eb3ng c\u1ea5p.<\/span><\/p>\n<hr \/>\n<h3><span style=\"color: #000000; font-size: 17px;\">\u26a1 T\u00ednh n\u0103ng n\u1ed5i b\u1eadt c\u1ee7a Gamma AI Premium<\/span><\/h3>\n<ul>\n<li><span style=\"color: #000000; font-size: 17px;\">\ud83e\udde0 T\u1ef1 \u0111\u1ed9ng h\u00f3a to\u00e0n b\u1ed9 qu\u00e1 tr\u00ecnh t\u1ea1o slide: Nh\u1eadp \u00fd t\u01b0\u1edfng \u2192 Gamma t\u1ef1 ph\u00e2n chia n\u1ed9i dung \u2192 T\u1ef1 thi\u1ebft k\u1ebf giao di\u1ec7n v\u00e0 hi\u1ec7u \u1ee9ng.<\/span><\/li>\n<li><span style=\"color: #000000; font-size: 17px;\">\ud83c\udfa8 Kho m\u1eabu chuy\u00ean nghi\u1ec7p &amp; linh ho\u1ea1t: H\u01a1n 500+ template hi\u1ec7n \u0111\u1ea1i, phong c\u00e1ch startup, doanh nghi\u1ec7p, gi\u00e1o d\u1ee5c, v\u00e0 \u0111\u1ea7u t\u01b0.<\/span><\/li>\n<li><span style=\"color: #000000; font-size: 17px;\">\ud83d\udcac Vi\u1ebft n\u1ed9i dung b\u1eb1ng AI: Ch\u1ec9 c\u1ea7n nh\u1eadp ch\u1ee7 \u0111\u1ec1, Gamma s\u1ebd t\u1ef1 \u0111\u1ed9ng t\u1ea1o ph\u1ea7n gi\u1edbi thi\u1ec7u, ph\u00e2n t\u00edch, bi\u1ec3u \u0111\u1ed3, v\u00e0 k\u1ebft lu\u1eadn h\u1ee3p l\u00fd.<\/span><\/li>\n<li><span style=\"color: #000000; font-size: 17px;\">\ud83d\uddbc\ufe0f T\u00edch h\u1ee3p h\u00ecnh \u1ea3nh &amp; bi\u1ec3u \u0111\u1ed3 th\u00f4ng minh: H\u00ecnh minh h\u1ecda \u0111\u01b0\u1ee3c AI ch\u1ecdn t\u1ef1 \u0111\u1ed9ng theo ng\u1eef c\u1ea3nh b\u00e0i vi\u1ebft.<\/span><\/li>\n<li><span style=\"color: #000000; font-size: 17px;\">\ud83d\udcca H\u1ed7 tr\u1ee3 tr\u00ecnh b\u00e0y d\u1eef li\u1ec7u: T\u1ea1o b\u1ea3ng, \u0111\u1ed3 th\u1ecb, infographics, v\u00e0 m\u00f4 h\u00ecnh ch\u1ec9 b\u1eb1ng v\u00e0i c\u00fa nh\u1ea5p chu\u1ed9t.<\/span><\/li>\n<li><span style=\"color: #000000; font-size: 17px;\">\ud83c\udf10 H\u1ed7 tr\u1ee3 \u0111a ng\u00f4n ng\u1eef: Vi\u1ebft v\u00e0 tr\u00ecnh b\u00e0y b\u1eb1ng ti\u1ebfng Anh, Trung, Vi\u1ec7t, Nh\u1eadt, H\u00e0n\u2026<\/span><\/li>\n<li><span style=\"color: #000000; font-size: 17px;\">\ud83d\udcf1 Chia s\u1ebb &amp; t\u01b0\u01a1ng t\u00e1c d\u1ec5 d\u00e0ng: Xu\u1ea5t b\u1ea3n online, chia s\u1ebb qua link ho\u1eb7c nh\u00fang v\u00e0o website.<\/span><\/li>\n<li><span style=\"color: #000000; font-size: 17px;\">\ud83e\uddfe T\u00f9y ch\u1ec9nh th\u01b0\u01a1ng hi\u1ec7u: Cho ph\u00e9p th\u00eam logo, m\u00e0u s\u1eafc v\u00e0 phong c\u00e1ch nh\u1eadn di\u1ec7n ri\u00eang c\u1ee7a doanh nghi\u1ec7p.<\/span><\/li>\n<\/ul>\n<hr \/>\n<h3><span style=\"color: #000000; font-size: 17px;\">\ud83d\ude80 L\u1ee3i \u00edch khi n\u00e2ng c\u1ea5p Gamma AI Premium<\/span><\/h3>\n<ul>\n<li><span style=\"color: #000000; font-size: 17px;\">Kh\u00f4ng gi\u1edbi h\u1ea1n s\u1ed1 l\u01b0\u1ee3ng slide ho\u1eb7c d\u1ef1 \u00e1n.<\/span><\/li>\n<li><span style=\"color: #000000; font-size: 17px;\">T\u1ed1c \u0111\u1ed9 x\u1eed l\u00fd nhanh g\u1ea5p 2\u20133 l\u1ea7n b\u1ea3n mi\u1ec5n ph\u00ed.<\/span><\/li>\n<li><span style=\"color: #000000; font-size: 17px;\">Truy c\u1eadp tr\u1ecdn b\u1ed9 m\u1eabu cao c\u1ea5p &amp; th\u01b0 vi\u1ec7n bi\u1ec3u t\u01b0\u1ee3ng \u0111\u1ed9c quy\u1ec1n.<\/span><\/li>\n<li><span style=\"color: #000000; font-size: 17px;\">T\u1ea3i xu\u1ed1ng offline (PDF, PPTX) \u0111\u1ec3 tr\u00ecnh chi\u1ebfu ngay c\u1ea3 khi kh\u00f4ng c\u00f3 Internet.<\/span><\/li>\n<li><span style=\"color: #000000; font-size: 17px;\">C\u1eadp nh\u1eadt tr\u01b0\u1edbc c\u00e1c t\u00ednh n\u0103ng m\u1edbi nh\u1ea5t c\u1ee7a Gamma Labs.<\/span><\/li>\n<li><span style=\"color: #000000; font-size: 17px;\">L\u00e0m vi\u1ec7c nh\u00f3m th\u1eddi gian th\u1ef1c \u2013 nhi\u1ec1u ng\u01b0\u1eddi c\u00f9ng ch\u1ec9nh s\u1eeda tr\u00ean m\u1ed9t b\u1ea3n tr\u00ecnh chi\u1ebfu.<\/span><\/li>\n<\/ul>\n<hr \/>\n<h3><span style=\"color: #000000; font-size: 17px;\">\ud83d\udcbc D\u00e0nh cho ai?<\/span><\/h3>\n<ul>\n<li><span style=\"color: #000000; font-size: 17px;\">Doanh nh\u00e2n &amp; Startup: D\u1ec5 d\u00e0ng t\u1ea1o b\u1ea3n k\u1ebf ho\u1ea1ch \u0111\u1ea7u t\u01b0, thuy\u1ebft tr\u00ecnh d\u1ef1 \u00e1n, ho\u1eb7c gi\u1edbi thi\u1ec7u s\u1ea3n ph\u1ea9m.<\/span><\/li>\n<li><span style=\"color: #000000; font-size: 17px;\">H\u1ecdc sinh \u2013 sinh vi\u00ean: Chu\u1ea9n b\u1ecb b\u00e0i thuy\u1ebft tr\u00ecnh, b\u00e1o c\u00e1o nghi\u00ean c\u1ee9u nhanh g\u1ecdn v\u00e0 \u0111\u1eb9p m\u1eaft.<\/span><\/li>\n<li><span style=\"color: #000000; font-size: 17px;\">Nh\u00e0 s\u00e1ng t\u1ea1o n\u1ed9i dung: Tr\u00ecnh b\u00e0y \u00fd t\u01b0\u1edfng, chi\u1ebfn d\u1ecbch marketing ho\u1eb7c h\u01b0\u1edbng d\u1eabn chuy\u00ean nghi\u1ec7p.<\/span><\/li>\n<li><span style=\"color: #000000; font-size: 17px;\">Ng\u01b0\u1eddi \u0111i l\u00e0m: Chu\u1ea9n b\u1ecb t\u00e0i li\u1ec7u h\u1ecdp, b\u00e1o c\u00e1o \u0111\u1ecbnh k\u1ef3 v\u00e0 \u0111\u1ec1 xu\u1ea5t n\u1ed9i b\u1ed9 m\u1ed9t c\u00e1ch tinh g\u1ecdn v\u00e0 \u1ea5n t\u01b0\u1ee3ng.<\/span><\/li>\n<\/ul>\n<hr \/>\n<h3><span style=\"color: #000000; font-size: 17px;\">\ud83d\udcb0 V\u00ec sao n\u00ean n\u00e2ng c\u1ea5p b\u1ea3n ch\u00ednh ch\u1ee7?<\/span><\/h3>\n<ul>\n<li><span style=\"color: #000000; font-size: 17px;\">T\u00e0i kho\u1ea3n ch\u00ednh ch\u1ee7 t\u1eeb Gamma.app, \u0111\u1ed3ng b\u1ed9 v\u00e0 b\u1ea3o m\u1eadt tuy\u1ec7t \u0111\u1ed1i.<\/span><\/li>\n<li><span style=\"color: #000000; font-size: 17px;\">Kh\u00f4ng gi\u1edbi h\u1ea1n s\u1ed1 l\u1ea7n s\u1eed d\u1ee5ng AI.<\/span><\/li>\n<li><span style=\"color: #000000; font-size: 17px;\">B\u1ea3o h\u00e0nh &amp; h\u1ed7 tr\u1ee3 k\u1ef9 thu\u1eadt tr\u1ecdn \u0111\u1eddi t\u1eeb MMOEmpire.vn.<\/span><\/li>\n<li><span style=\"color: #000000; font-size: 17px;\">Nh\u1eadn quy\u1ec1n truy c\u1eadp nhanh &amp; kh\u00f4ng b\u1ecb gi\u1edbi h\u1ea1n IP.<\/span><\/li>\n<\/ul>\n<hr \/>\n<h3><span style=\"color: #000000; font-size: 17px;\">\ud83d\udecd\ufe0f Mua Ngay T\u1ea1i MMOEmpire<\/span><\/h3>\n<p><span style=\"color: #000000; font-size: 17px;\">MMOEmpire.vn l\u00e0 \u0111\u1ecba ch\u1ec9 uy t\u00edn cung c\u1ea5p t\u00e0i kho\u1ea3n Gamma AI Premium ch\u00ednh ch\u1ee7 \u2013 h\u1ed7 tr\u1ee3 k\u00edch ho\u1ea1t nhanh, gi\u00e1 t\u1ed1t, b\u1ea3o h\u00e0nh tr\u1ecdn g\u00f3i.<\/span><br \/><span style=\"color: #000000; font-size: 17px;\">Cho d\u00f9 b\u1ea1n l\u00e0 ng\u01b0\u1eddi s\u00e1ng t\u1ea1o, nh\u00e0 qu\u1ea3n l\u00fd, hay sinh vi\u00ean \u2013 Gamma AI s\u1ebd gi\u00fap b\u1ea1n k\u1ec3 c\u00e2u chuy\u1ec7n c\u1ee7a m\u00ecnh theo c\u00e1ch chuy\u00ean nghi\u1ec7p v\u00e0 \u1ea5n t\u01b0\u1ee3ng nh\u1ea5t.<\/span><\/p>\n<blockquote>\n<p><span style=\"color: #000000; font-size: 17px;\">\ud83c\udfac Gamma AI \u2013 Tr\u00ecnh di\u1ec5n \u00fd t\u01b0\u1edfng trong 1 c\u00fa nh\u1ea5p chu\u1ed9t.<\/span><br \/><span style=\"color: #000000; font-size: 17px;\">\ud83c\udf10 MMOEmpire \u2013 \u0110\u01b0a tr\u00ed tu\u1ec7 nh\u00e2n t\u1ea1o v\u00e0o t\u1eebng slide c\u1ee7a b\u1ea1n.<\/span><\/p>\n<\/blockquote>\n","protected":false},"excerpt":{"rendered":"<p><span style=\"color: #000000;\">\u2714\ufe0f T\u00e0i kho\u1ea3n <span style=\"color: #6a07b0;\"><strong>Gamma ch\u00ednh ch\u1ee7<\/strong><\/span>, an to\u00e0n 100%<\/span><br \/>\n<span style=\"color: #000000;\">\u2714\ufe0f N\u00e2ng c\u1ea5p nhanh ch\u00f3ng l\u00ean Pro &amp; Plus<\/span><br \/>\n<span style=\"color: #000000;\">\u2714\ufe0f M\u1edf kh\u00f3a to\u00e0n b\u1ed9 t\u00ednh n\u0103ng cao c\u1ea5p<\/span><br \/>\n<span style=\"color: #000000;\">\u2714\ufe0f Truy c\u1eadp m\u1ecdi d\u1ecbch v\u1ee5 \u0111\u1ed9c quy\u1ec1n<\/span><br \/>\n<span style=\"color: #000000;\">\u2714\ufe0f Giao di\u1ec7n m\u01b0\u1ee3t m\u00e0, s\u1eed d\u1ee5ng d\u1ec5 d\u00e0ng<\/span><br \/>\n<span style=\"color: #000000;\">\u2714\ufe0f H\u1ed7 tr\u1ee3 tr\u1ef1c ti\u1ebfp 24\/24<\/span><br \/>\n<span style=\"color: #000000;\">\u2714\ufe0f Nh\u1eadn \u01b0u \u0111\u00e3i v\u00e0 quy\u1ec1n l\u1ee3i ngay l\u1eadp t\u1ee9c<\/span><br \/>\n<span style=\"color: #000000;\">\u2714\ufe0f Th\u00edch h\u1ee3p cho ng\u01b0\u1eddi m\u1edbi v\u00e0 chuy\u00ean nghi\u1ec7p<\/span><br \/>\n<span style=\"color: #000000;\">\u2714\ufe0f Giao d\u1ecbch ti\u1ec7n l\u1ee3i, kh\u00f4ng lo r\u1ee7i ro<\/span><\/p>\n","protected":false},"featured_media":2365,"comment_status":"open","ping_status":"closed","template":"","meta":{"_acf_changed":false,"inline_featured_image":false},"product_brand":[],"product_cat":[15,33],"product_tag":[],"class_list":{"0":"post-1508","1":"product","2":"type-product","3":"status-publish","4":"has-post-thumbnail","6":"product_cat-chua-phan-loai","7":"product_cat-premium","9":"first","10":"instock","11":"sale","12":"taxable","13":"shipping-taxable","14":"purchasable","15":"product-type-variable"},"acf":[],"_links":{"self":[{"href":"https:\/\/www.thegioimmovn.com\/index.php?rest_route=\/wp\/v2\/product\/1508","targetHints":{"allow":["GET"]}}],"collection":[{"href":"https:\/\/www.thegioimmovn.com\/index.php?rest_route=\/wp\/v2\/product"}],"about":[{"href":"https:\/\/www.thegioimmovn.com\/index.php?rest_route=\/wp\/v2\/types\/product"}],"replies":[{"embeddable":true,"href":"https:\/\/www.thegioimmovn.com\/index.php?rest_route=%2Fwp%2Fv2%2Fcomments&post=1508"}],"wp:featuredmedia":[{"embeddable":true,"href":"https:\/\/www.thegioimmovn.com\/index.php?rest_route=\/wp\/v2\/media\/2365"}],"wp:attachment":[{"href":"https:\/\/www.thegioimmovn.com\/index.php?rest_route=%2Fwp%2Fv2%2Fmedia&parent=1508"}],"wp:term":[{"taxonomy":"product_brand","embeddable":true,"href":"https:\/\/www.thegioimmovn.com\/index.php?rest_route=%2Fwp%2Fv2%2Fproduct_brand&post=1508"},{"taxonomy":"product_cat","embeddable":true,"href":"https:\/\/www.thegioimmovn.com\/index.php?rest_route=%2Fwp%2Fv2%2Fproduct_cat&post=1508"},{"taxonomy":"product_tag","embeddable":true,"href":"https:\/\/www.thegioimmovn.com\/index.php?rest_route=%2Fwp%2Fv2%2Fproduct_tag&post=1508"}],"curies":[{"name":"wp","href":"https:\/\/api.w.org\/{rel}","templated":true}]}}